 - 112 = -7*g. Calculate the highest common divisor of g and s.
7
Suppose l - 8 = -5. Suppose -l*a = 4*a - 98. Calculate the highest common divisor of 35 and a.
7
Let r(f) = 3 - 71*f + 6 + 66*f. Let v be r(1). Suppose -17 + 89 = 3*i. What is the highest common factor of i and v?
4
Suppose -3*c - u = -21 - 2, -2*u + 28 = 3*c. Let l be (34/c)/(8/24). Calculate the highest common factor of 34 and l.
17
Let q = -2186 - -2604. What is the highest common factor of 114 and q?
38
Let c(r) = -32*r**3 + 4*r + 5. Suppose y = -y + 4*s - 18, 0 = -y - 4*s + 15. Let u be c(y). Calculate the greatest common factor of 99 and u.
33
Suppose 5*b = 3*b - 5*q + 948, 2*q = -4*b + 1896. What is the highest common factor of 6 and b?
6
Let d = 1251 - 1043. What is the highest common divisor of d and 78?
26
Suppose -k - 2 = 0, 5*u - u = 5*k + 62. Let z = -5 + u. Let j = 24 + -16. Calculate the highest common divisor of z and j.
8
Let x(b) = b**3 - 12*b**2 - 11*b - 14. Suppose 0 = -5*r - h + 3 + 65, 0 = 4*r + h - 55. Let y be x(r). What is the highest common divisor of y and 60?
12
Let g(h) = -h**3 + 41*h**2 + 2*h - 19. Let b be g(41). What is the greatest common divisor of 357 and b?
21
Let s be (-2)/4*(-13 + 5). Suppose -4*j + 1 = -2*a + 41, -26 = 2*j - s*a. Let y be 4/6 - 48/j. What is the greatest common divisor of 6 and y?
6
Let g = -10 - -14. Suppose 2 = -4*l - 4*h + 162, 50 = l - g*h. Let n = 213 - 150. Calculate the highest common divisor of l and n.
21
Let n = -536 + 599. Calculate the greatest common divisor of n and 70.
7
Let q be 3/(-2) - (-255)/30. What is the greatest common divisor of q and 35?
7
Let i(f) = -f**2 - 46*f - 144. Let w be i(-42). What is the highest common divisor of 168 and w?
24
Let f(n) = -n**3 + 3*n**2 + 6*n - 2. Let x be f(4). Let o be 88/4 + 2/2. Let m = o + -5. Calculate the greatest common factor of m and x.
6
Let o(v) = -1 - 8*v**2 + 0 - 1 + 9*v**2. Let q be o(2). Calculate the highest common factor of q and 6.
2
Suppose -4*m - 84 - 256 = -4*j, -2*m = j - 82. What is the highest common divisor of 609 and j?
21
Let j(p) = 41*p - 2. Let m be j(2). Suppose r + 31 = 4*y - 4*r, -5*y - 2*r = -m. Let i be 7/2*(-2 - -6). What is the greatest common divisor of i and y?
14
Let x = -4542 + 8756. Calculate the highest common factor of 86 and x.
86
Suppose -30 = -4*u + 34. Let j(v) = 12*v - 16. Let a be j(2). Calculate the highest common factor of u and a.
8
Let a be (175/14 + -4)*(-30)/(-3). What is the greatest common factor of 629 and a?
17
Let g(v) = -v**2 - 4*v + 35. Let b be g(-8). Calculate the greatest common divisor of 33 and b.
3
Let t = -31 + 43. Suppose -2*f = 8*f - 1560. What is the highest common factor of t and f?
12
Suppose 27 + 18 = 5*d. Let f(u) = 3*u**2 + 20*u - 251. Let h be f(7). What is the greatest common factor of h and d?
9
Let v(t) = t**3 + 14*t**2 + 11*t + 14. Suppose -n = -2*n - 13. Let y be v(n). Suppose -y = -3*x - x. What is the greatest common factor of 10 and x?
10
Let h be (5/1)/1*2156/490. Let n be (-2)/(-1 - 10/(-11)). What is the highest common factor of n and h?
22
Let b = 28 + -26. Let i be 2/(-4) - (-147)/14. Suppose -i = 2*d, 3*r + d + 0*d - 19 = 0. Calculate the highest common divisor of b and r.
2
Suppose 0 = -5*c - 63 + 283. Let v = c + -29. Calculate the highest common factor of v and 60.
15
Let h be (-2)/((-10)/15) + (-1 - -1747). Suppose -330 = -7*n + h. Calculate the greatest common factor of n and 27.
27
Let d be 33/55*20/6. Suppose -1 - 11 = -d*o. Calculate the greatest common divisor of 12 and o.
6
Suppose -l + 6*l - 80 = 0. Let u = 12 + -9. Let w = u - -21. Calculate the greatest common factor of w and l.
8
Let h = 522 + -501. What is the highest common factor of h and 28?
7
Suppose 2*u + 2*g - 8 = 4, -5*g + 20 = 0. Suppose -4*k = 3*b - 6*k - 56, u*b - 2*k - 34 = 0. What is the highest common factor of b and 11?
11
Suppose 0 = 1318*o - 1326*o + 1680. What is the greatest common factor of o and 84?
42
Let o(a) be the third derivative of -a**4/24 + a**3/3 + 3*a**2. Let j = -5 - 5. Let c be o(j). What is the greatest common divisor of c and 24?
12
Let v = -12 + -16. Let s be v/(-140) - ((-1434)/(-10))/(-3). Calculate the greatest common divisor of s and 36.
12
Let o(k) = -45*k + 46. Let c be o(-9). Calculate the highest common factor of 11 and c.
11
Let y be 1/((-4)/36*-3). Suppose 0*o + 2*n = o - 17, -4*n = y*o - 81. What is the highest common divisor of 184 and o?
23
Let u = 22 - -6. Suppose v - 107 = u. Calculate the highest common divisor of 15 and v.
15
Let f = 0 + -5. Let d = f + 5. Suppose d*x = x - 13. Calculate the greatest common factor of x and 13.
13
Suppose 7*u - 5*u = -28. Let d be ((-5)/(-10))/(1/u). Let q = d - -9. Calculate the greatest common divisor of q and 3.
1
Let t be -1 + (-430)/(-8) + 126/(-72). What is the highest common divisor of 51 and t?
51
Suppose -6*i = -14 - 28. Suppose 11 - 4 = 5*s + u, u - 2 = 0. What is the greatest common factor of i and s?
1
Let y = 222 + -205. What is the highest common factor of y and 34?
17
Let y be 7*2*(-36)/20*-5. Let m = -81 + y. Calculate the greatest common divisor of m and 5.
5
Suppose 7*k - 50 = 6*k. Let p = 68 - k. Suppose 1 = -2*j + 5, -62 = -4*y + 5*j. Calculate the greatest common factor of y and p.
18
Let x be 46/6 + 3/9. Let c(t) = t**3 - 7*t**2 - 10*t + 19. Let s be c(x). Suppose 12 = s*p - 141. What is the greatest common factor of 34 and p?
17
Let u(k) = -137*k - 1. Let g be u(-1). Let q be (2 - 231/(-15)) + (-2)/5. What is the highest common factor of g and q?
17
Suppose 222 = 15*d - 738. Calculate the highest common divisor of 320 and d.
64
Let c(b) = -39*b - 22. Let d be c(-1). Suppose 2 = -t + 70. What is the greatest common divisor of d and t?
17
Suppose 0*f - 5*f = l - 37, l = -4*f + 29. Suppose -5*z - f = -3. Let j be (-2 - -17) + z/(-1). Calculate the highest common divisor of j and 8.
8
Suppose -i + 51 + 21 = 0. Let r = -33 - -57. What is the greatest common factor of r and i?
24
Let i(c) = -778*c**3 + 3*c**2 - 1. Let n be i(-1). What is the highest common factor of 78 and n?
78
Let a = 9 + 36. Suppose -2*w + 30 = 2*j, -5*w - 5 = -2*j - a. Suppose w = -3*l + 8*l. Calculate the highest common divisor of 8 and l.
2
Suppose -21 = g - 31. Let k(i) = i**2 - 4*i - 7. Let m be k(5). Let p = 4 + m. Calculate the highest common factor of p and g.
2
Let y = 1 - -4. Suppose -17*z - 380 + 397 = 0. Calculate the highest common divisor of y and z.
1
Let k be -2 - (-12)/3 - -3. Suppose -2*j + 2*r = 3*j - 1117, -5*r = k. Suppose 5*m + f = 76 + 196, f = 4*m - j. What is the highest common divisor of m and 5?
5
Suppose 0 = -19*j + 10*j + 6804. Calculate the greatest common divisor of j and 27.
27
Let g = -1157 + 1211. What is the greatest common factor of g and 6?
6
Suppose -4*q - j + 277 = 0, 4*j + 210 = 4*q - 82. Calculate the greatest common factor of q and 42.
14
Suppose -6 = -2*l + 2*v, -3*l = -0*l + 2*v - 34. Let z(s) = -11*s - 6. Let q be z(-6). Suppose 3*w = -0*w + q. Calculate the highest common factor of l and w.
4
Let i = -112 + 51. Let w = i + 97. Calculate the highest common factor of 2 and w.
2
Let g(q) = q**2 + 9*q + 24. Let o be g(-6). Let p(s) = s**2 - 9*s + 6. Let w be p(8). Let r = 4 + w. What is the highest common factor of r and o?
2
Let d(j) = 15*j - 1. Let g be d(1). Let s be 4/6 + (1 - 376/(-12)). Suppose 280 = s*k - 28*k. Calculate the greatest common divisor of g and k.
14
Suppose 0 = 3*q + 117 - 777. Let g be (4/3)/(2/30). What is the greatest common factor of g and q?
20
Let r be (-1 + -7)*91/(-78)*6. What is the greatest common divisor of 112 and r?
56
Let o be (0 - -1) + -703*(-2)/2. Calculate the highest common factor of o and 22.
22
Let z = 1100 + -1085. Calculate the highest common divisor of 205 and z.
5
Suppose x + 5*g = -13, 2*x + 0 = -2*g - 2. Suppose u + 2*u - x*a = 6, u + 3*a - 2 = 0. What is the highest common divisor of u and 6?
2
Let c be ((-55)/(-10))/((-2)/(-4)). What is the greatest common factor of 198 and c?
11
Let k be (-370)/((-20)/12 + 3/(-9)). Calculate the highest common divisor of k and 5.
5
Suppose 0 = -0*v - 4*v + 4*a + 48, -v + 5*a + 20 = 0. Suppose -63*l = 116*l - 1790. Calculate the highest common factor of l and v.
10
Let t be (-3)/6 - 1428/(-24). What is the greatest com